 5, 6133
List the prime factors of 286688.
2, 17, 31
List the prime factors of 3975889.
409, 9721
List the prime factors of 1676470.
2, 5, 23, 37, 197
What are the prime factors of 118646?
2, 11, 5393
List the prime factors of 2001042.
2, 3, 19, 5851
List the prime factors of 180702.
2, 3, 10039
List the prime factors of 904271.
173, 5227
What are the prime factors of 374369?
113, 3313
What are the prime factors of 1937449?
19, 107, 953
List the prime factors of 3405577.
7, 486511
What are the prime factors of 18167628?
2, 3, 17, 89057
List the prime factors of 1897961.
13, 83, 1759
List the prime factors of 23385911.
239, 97849
What are the prime factors of 223463?
223463
List the prime factors of 978886.
2, 263, 1861
What are the prime factors of 2273308?
2, 17, 101, 331
What are the prime factors of 305856?
2, 3, 59
What are the prime factors of 722867?
23, 53, 593
List the prime factors of 92564.
2, 73, 317
What are the prime factors of 3767024?
2, 235439
List the prime factors of 373849.
7, 53407
What are the prime factors of 6468?
2, 3, 7, 11
List the prime factors of 2048525.
5, 67, 1223
What are the prime factors of 2882091?
3, 19, 59, 857
What are the prime factors of 1639592?
2, 311, 659
What are the prime factors of 300712?
2, 37589
What are the prime factors of 37932339?
3, 41, 59, 5227
List the prime factors of 809448.
2, 3, 29, 1163
List the prime factors of 9441873.
3, 7, 49957
What are the prime factors of 131151?
3, 43717
What are the prime factors of 6216672?
2, 3, 7, 11, 29
List the prime factors of 447542.
2, 17, 13163
What are the prime factors of 14906?
2, 29, 257
What are the prime factors of 23065094?
2, 13, 599, 1481
What are the prime factors of 4468268?
2, 7, 19, 37, 227
What are the prime factors of 243091?
243091
What are the prime factors of 33200?
2, 5, 83
What are the prime factors of 545978?
2, 272989
List the prime factors of 9270814.
2, 7, 17, 38953
List the prime factors of 22583717.
13, 31, 56039
What are the prime factors of 216068?
2, 19, 2843
List the prime factors of 190166.
2, 95083
List the prime factors of 12904382.
2, 19, 339589
What are the prime factors of 550290?
2, 3, 5, 13, 17, 83
List the prime factors of 83647.
233, 359
List the prime factors of 53420.
2, 5, 2671
List the prime factors of 147418.
2, 73709
What are the prime factors of 273638?
2, 19, 379
List the prime factors of 1742626.
2, 37, 23549
List the prime factors of 132441.
3, 131, 337
List the prime factors of 404945.
5, 80989
What are the prime factors of 1183986?
2, 3, 65777
List the prime factors of 9925023.
3, 3308341
List the prime factors of 1881900.
2, 3, 5, 17, 41
List the prime factors of 5153630.
2, 5, 151, 3413
List the prime factors of 2477863.
2477863
List the prime factors of 125011.
149, 839
List the prime factors of 2897679.
3, 965893
List the prime factors of 290601.
3, 47, 229
List the prime factors of 2013153.
3, 577, 1163
List the prime factors of 763322.
2, 7, 7789
List the prime factors of 144525.
3, 5, 41, 47
List the prime factors of 2306165.
5, 461233
List the prime factors of 9657636.
2, 3, 804803
What are the prime factors of 25807833?
3, 19, 37, 4079
What are the prime factors of 279135?
3, 5, 6203
List the prime factors of 17435.
5, 11, 317
What are the prime factors of 8254627?
8254627
List the prime factors of 322260.
2, 3, 5, 41, 131
List the prime factors of 601243.
23, 26141
What are the prime factors of 436450?
2, 5, 7, 29, 43
What are the prime factors of 82583?
269, 307
What are the prime factors of 152873?
7, 21839
List the prime factors of 6455414.
2, 7, 461101
What are the prime factors of 8552?
2, 1069
List the prime factors of 5143461.
3, 733, 2339
List the prime factors of 283051.
283051
What are the prime factors of 924361?
924361
What are the prime factors of 9389621?
31, 302891
What are the prime factors of 4230911?
31, 136481
What are the prime factors of 8068131?
3, 733, 1223
What are the prime factors of 5447162?
2, 7, 389083
What are the prime factors of 33824052?
2, 3, 271, 3467
What are the prime factors of 603396?
2, 3, 37, 151
What are the prime factors of 319534?
2, 197, 811
What are the prime factors of 4794493?
11, 17, 25639
What are the prime factors of 6437931?
3, 2145977
What are the prime factors of 25307?
25307
What are the prime factors of 408927?
3, 136309
What are the prime factors of 425923?
19, 29, 773
List the prime factors of 1885014.
2, 3, 104723
What are the prime factors of 214952?
2, 97, 277
What are the prime factors of 132830?
2, 5, 37, 359
List the prime factors of 1970349.
3, 656783
List the prime factors of 363812.
2, 19, 4787
List the prime factors of 31968671.
7, 73, 857
What are the prime factors of 776030?
2, 5, 71, 1093
List the prime factors of 10366216.
2, 7, 37, 5003
What are the prime factors of 225752?
2, 28219
What are the prime factors of 13969710?
2, 3, 5, 155219
What are the prime factors of 5961376?
2, 241, 773
What are the prime factors of 21694707?
3, 2410523
List the prime factors of 25013168.
2, 59, 26497
What are the prime factors of 28587432?
2, 3, 43, 27701
List the prime factors of 5995339.
7, 17, 83, 607
List the prime factors of 13471138.
2, 29, 8009
What are the prime factors of 442881?
3, 47, 349
List the prime factors of 3135732.
2, 3, 43, 59, 103
List the prime factors of 364633.
17, 89, 241
List the prime factors of 965878.
2, 41, 11779
What are the prime factors of 4908309?
3, 7, 37, 6317
List the prime factors of 1028933.
37, 27809
List the prime factors of 436114.
2, 7, 31151
List the prime factors of 1432644.
2, 3, 277, 431
List the prime factors of 6571744.
2, 23, 8929
List the prime factors of 108241.
7, 47
What are the prime factors of 72605?
5, 13, 1117
What are the prime factors of 4386317?
13, 79, 4271
What are the prime factors of 171655?
5, 11, 3121
What are the prime factors of 503374?
2, 293, 859
What are the prime factors of 9053843?
17, 331, 1609
What are the prime factors of 49365?
3, 5, 1097
List the prime factors of 9704235.
3, 5, 199, 3251
List the prime factors of 209252.
2, 52313
List the prime factors of 5758786.
2, 11, 19, 23, 599
What are the prime factors of 6260712?
2, 3, 260863
List the prime factors of 18753313.
103, 163, 1117
List the prime factors of 8938614.
2, 3, 1489769
List the prime factors of 15601375.
5, 19, 6569
What are the prime factors of 350167?
101, 3467
List the prime factors of 19811542.
2, 31, 319541
What are the prime factors of 18313721?
167, 109663
List the prime factors of 301557.
3, 100519
List the prime factors of 644427.
3, 7, 53, 193
List the prime factors of 12767747.
12767747
List the prime factors of 491276.
2, 122819
List the prime factors of 78749.
11, 7159
List the prime factors of 134766.
2, 3, 7487
What are the prime factors of 28768?
2, 29, 31
List the prime factors of 6688096.
2, 29, 7207
What are the prime factors of 853087?
41, 20807
What are the prime factors of 2288172?
2, 3, 31, 6151
What are the prime factors of 287523?
3, 23, 463
List the prime factors of 612119.
17, 36007
List the prime factors of 1080622.
2, 17, 37, 859
List the prime factors of 339971.
109, 3119
List the prime factors of 365771.
7, 52253
List the prime factors of 10615287.
3, 643, 5503
List the prime factors of 1508443.
421, 3583
What are the prime factors of 8400355?
5, 1680071
List the prime factors of 32634.
2, 3, 7, 37
List the prime factors of 203292.
2, 3, 5647
What are the prime factors of 11929702?
2, 367, 16253
List the prime factors of 1404037.
61, 23017
What are the prime factors of 42659?
29, 1471
What are the prime factors of 18598?
2, 17, 547
What are the prime factors of 96737?
96737
List the prime factors of 263633.
43, 6131
What are the prime factors of 2205592?
2, 275699
What are the prime factors of 498640?
2, 5, 23, 271
List the prime factors of 13279431.
3, 11, 17, 23671
List the prime factors of 2149307.
307, 7001
What are the prime factors of 3816518?
2, 1908259
List the prime factors of 288801.
3, 32089
List the prime factors of 224242.
2, 112121
List the prime factors of 3090227.
7, 441461
What are the prime factors of 181906?
2, 19, 4787
What are the prime factors of 1200109?
1200109
List the prime factors of 327099.
3, 107, 1019
List the prime factors of